est common divisor of s and f?
17
Suppose 9 = 4*n + q - 6, -2*q = -n + 15. Calculate the highest common factor of 2 and n.
1
Suppose -105 = -5*n - 2*k, 0 = n + 2*k - 14 - 15. What is the greatest common divisor of n and 152?
19
Let b be 1 - (0 + 1 - 1). Let h be (b*-23 + -2)*-1. Let k = h - 9. Calculate the highest common divisor of 24 and k.
8
Let o(x) = 4*x**2 - 5*x + 4. Let r be o(3). Calculate the highest common divisor of r and 100.
25
Let c(u) = -8*u + 1. Suppose -l - l + 10 = 0. Suppose -l*w + t - 22 - 13 = 0, -w - 5*t = -19. Let j be c(w). What is the highest common factor of 7 and j?
7
Suppose 3*l = -l + 16. Suppose -21 + 117 = 3*t - i, l*t = 5*i + 117. Suppose 50 = 3*w - 16. What is the greatest common divisor of t and w?
11
Let n be 1/(473/(-158) - -3). Let m = 81 + -184. Let a = m + n. What is the highest common divisor of a and 5?
5
Let v be 9 + 0 - (-2 - -2). Let b = -88 - -30. Let x = 157 + b. What is the greatest common divisor of v and x?
9
Suppose -4*v = -6*v + 130. Let q be 2716/105 - 4/(-30). Calculate the highest common factor of v and q.
13
Let m be 8/(-6)*((-282)/12 - -7). Suppose 2*n - 3 = n. Suppose 6 = n*a - 0*a. What is the greatest common factor of a and m?
2
Suppose -150 = -10*h + 9*h. Calculate the highest common divisor of 30 and h.
30
Let d be 12/8*(4 + -2). Suppose d*m = -m + 448. Suppose -l - 2*l = -42. What is the highest common divisor of m and l?
14
Let o = 15 + 11. What is the greatest common factor of 65 and o?
13
Let y(m) = -38*m - 1. Let a be y(-2). What is the greatest common divisor of 30 and a?
15
Suppose 42 - 138 = -b. Calculate the greatest common divisor of b and 24.
24
Let f be 191 + -1 - (-2 + 2). Let h = f - 107. Let s = h - 56. What is the greatest common divisor of 3 and s?
3
Let i(j) = 3*j**2 - 5*j + 1. Let u be i(2). Calculate the highest common factor of 9 and u.
3
Let y(l) = l**3 + l**2 - 2*l + 45. Let d be y(0). Let f be (-7)/(-28) - (-558)/8. Suppose f - 16 = 3*t. Calculate the highest common divisor of d and t.
9
Let o = 8 + -8. Suppose -2*p + 19 + 9 = 3*n, -3*p - 3*n + 48 = o. Calculate the highest common factor of 10 and p.
10
Suppose -6*z + 53 = -5*z + 4*w, 3*w - 6 = 0. Let n = 4 + 26. What is the greatest common factor of n and z?
15
Let w(u) = u**3 + 7*u**2 + 3*u + 6. Let m be w(-4). Let q = -6 + m. What is the greatest common divisor of 18 and q?
18
Suppose 5*w + 9 = -b + 73, -3*w = -5*b - 44. Let y(f) = 12*f**3 - 2*f - 1. Suppose 0 = d - 2. Let z be y(d). What is the greatest common divisor of z and w?
13
Let o = -25 + 125. Suppose 2*a - c + o = 0, 72 = -a + c + 20. Let n be a*(-3 + (-9)/(-4)). Calculate the highest common divisor of n and 4.
4
Suppose 0 = 5*z - 2*y - 110, 8*y - 25 = 3*y. Suppose 0 = 4*l - 181 - 59. Calculate the greatest common factor of l and z.
12
Let t = 6 + -4. Suppose 2*c + t*c = 260. What is the greatest common factor of c and 26?
13
Suppose 0 = -p + 12 + 6. Let t = p + -3. Let z = t + -7. What is the highest common divisor of z and 16?
8
Suppose -231 = -46*a + 43*a. Calculate the highest common factor of 11 and a.
11
Let f(p) = p**2 - 4*p - 2. Let v be f(11). What is the greatest common divisor of v and 50?
25
Suppose -5*u - t + 105 = 0, 70 = 3*u - t + 15. Let c = u + -12. What is the greatest common factor of c and 88?
8
Suppose -a + 2*a = 14. What is the greatest common divisor of a and 21?
7
Suppose 0 = -0*w - 2*w - 56. Let g = w - -43. What is the highest common divisor of 75 and g?
15
Let q be 9*-3*3/(-27). Let m be 0 - (1 + 1 - 3). Suppose 5*u + 5*l - 61 + m = 0, 12 = u - l. Calculate the highest common factor of u and q.
3
Let o(n) = 2*n**2 + 1. Suppose 1 = c + 2. Let u be o(c). Suppose -2*h - 178 = -2*v, u*v - 264 = -h - 13. Calculate the highest common factor of v and 34.
17
Let q(z) = 36*z**2 - 2*z + 1 + 3 - 2. Let t be q(1). Calculate the highest common factor of t and 12.
12
Suppose 2*j = -0*j + 82. Let c = j + -21. Calculate the greatest common divisor of c and 40.
20
Suppose 2*u = x + 7, 0*u + 25 = 5*u. Suppose 0 = 5*p - 6*p + 4*s + 21, s = x*p - 8. Suppose 0 = 5*f + p - 81. What is the greatest common factor of f and 4?
4
Suppose -5*m = -58 + 18. Let q be m*(-10)/(-4) - -2. What is the greatest common factor of 55 and q?
11
Suppose -g - 4*g = s - 3, -g = 0. Suppose s*i - 256 = -i. Calculate the highest common factor of i and 16.
16
Let a(y) = y + 2. Suppose i = 3*i - 6. Let u be a(i). Let b be -1 + (u - -1)/3. What is the greatest common factor of b and 4?
1
Let d = -277 + 453. Calculate the highest common divisor of d and 16.
16
Suppose 12 + 24 = -3*l. Let f(i) = 16 - 4*i + i**2 - 2*i**2 - 11*i**2 + 2*i**3 - 3*i**3. Let g be f(l). Calculate the greatest common factor of 8 and g.
8
Suppose 7 - 34 = -4*x + p, -25 = -5*p. Let c(f) = -f**2 + f + 3. Let o be c(0). Suppose 1 = -o*b + 7. Calculate the highest common divisor of b and x.
2
Suppose 0*g = 2*g - 2, 3*l + 1 = -2*g. Let t be 8/1 + (-3 - l). Calculate the greatest common factor of t and 4.
2
Let h = 47 - 33. Suppose 4*n + n - 280 = 0. What is the highest common divisor of h and n?
14
Let h(w) = -17*w - 11. Let l be h(-13). What is the greatest common factor of l and 30?
30
Let o be (-6)/9 + 234/27. Suppose 0 = -2*r, -5*d + 5*r + 128 = -d. What is the highest common divisor of o and d?
8
Let z(i) be the third derivative of i**5/30 - i**4/24 - i**3/3 + i**2. Let r be z(3). What is the highest common factor of 104 and r?
13
Suppose -j + 171 = 17. Calculate the greatest common divisor of j and 22.
22
Let a be 22/(-6)*(-39 + 3). Let d(n) = 3*n + 3. Let w be d(3). Calculate the highest common divisor of w and a.
12
Let y be 14/(-21) - (-2)/3. Suppose y*c - 6 = -3*c. Suppose 5*k = -g + 1, 0 = 4*g - 3*g - c*k - 22. Calculate the highest common factor of 8 and g.
8
Let v = -4 - -9. Suppose 2*m = -4*l + 22, v*m = 2*l + 152 - 37. What is the highest common factor of 14 and m?
7
Let f(u) be the third derivative of -u**5/60 - u**4/6 + u**3/2 + 3*u**2. Let q be f(-3). Let a = 32 - 14. Calculate the greatest common divisor of a and q.
6
Let w(f) = 3*f**3 - f + 1. Let j be w(1). Suppose 3*t - 144 = 3*z, -3*t + 2*t - 4*z = -63. Let l = t - 24. Calculate the greatest common factor of l and j.
3
Suppose 2*s + 0 = 3*r + 5, -4*r = 5*s - 70. What is the highest common factor of s and 10?
10
Suppose -6*t + 7 = t. Suppose 3*a + a - 2*c = 12, 3*c = -2*a + 14. Calculate the greatest common factor of a and t.
1
Let y = -73 - -96. What is the greatest common factor of y and 23?
23
Let b = 23 + 4. Let k = -3 + b. Calculate the greatest common divisor of k and 16.
8
Suppose -5*c - 17 - 23 = 0. Let h = c - -19. What is the greatest common factor of h and 121?
11
Let u(r) = 14*r**2 + 17*r + 14. Let o be u(-6). What is the greatest common divisor of o and 52?
52
Suppose -3*f = -2*j - 20, -j + 42 = 5*f - 0*j. Let m(c) = -4 + f*c + 4. Let i be m(2). Calculate the greatest common divisor of 128 and i.
16
Let t(a) = a + 2. Let u be t(3). What is the highest common factor of u and 25?
5
Suppose -k = -6*k - 75. Let w be (-10)/3*486/k. Let t = 33 + -21. Calculate the greatest common factor of w and t.
12
Suppose -q + 70 = 5*y - 10*y, 0 = -4*y. Let b = q - 134. Let c = b + 104. Calculate the highest common factor of 8 and c.
8
Let g be (-1)/(((-3)/1)/9). Suppose -h + 18 + g = 0. Calculate the highest common factor of 21 and h.
21
Suppose 3*r - 18 = -r - n, -2*r - 4*n = -16. Suppose 550 = r*i - 198. Calculate the greatest common factor of i and 17.
17
Let j be (12/30)/((-1)/(-50)). Suppose j = o + 5. What is the highest common factor of o and 6?
3
Let o(m) = 14*m - 4. Let p be o(4). Let b(a) = 6*a**2 + 18*a + 2. Let z be b(-4). Calculate the highest common factor of z and p.
26
Let i = 28 - 16. Suppose -2 = b - 5. Calculate the greatest common divisor of i and b.
3
Let w(a) = a**3 - 9*a**2 - 9*a - 10. Let j be w(10). Suppose j*v - 88 = -4*v. Let h = 101 + -46. Calculate the highest common divisor of v and h.
11
Let w(h) = -2*h + 37. Let k be w(-14). What is the highest common divisor of k and 13?
13
Let w(v) = -v**2 + 10*v - 10. Let l be w(6). Calculate the greatest common divisor of l and 2.
2
Let o = -98 - -110. What is the highest common factor of 48 and o?
12
Let y(k) = k**3 - 5*k**2 - 9*k - 10. Suppose 0 = -3*j + 7*j 